{"id":15424,"date":"2020-06-10T19:27:17","date_gmt":"2020-06-10T17:27:17","guid":{"rendered":"https:\/\/aslaksen.bcc.no\/?page_id=15424"},"modified":"2020-08-21T13:53:49","modified_gmt":"2020-08-21T11:53:49","slug":"demut-ist-die-eigentliche-sache","status":"publish","type":"page","link":"https:\/\/words-of-faith.org\/de\/bibelkurs\/thema-4\/demut-ist-die-eigentliche-sache\/","title":{"rendered":"Demut ist die eigentliche Sache"},"content":{"rendered":"\n\t<section class=\"section\" id=\"section_940119848\">\n\t\t<div class=\"section-bg fill\" >\n\t\t\t\t\t\t\t\t\t\n\t\t\t\n\n\t\t<\/div>\n\n\t\t\n\n\t\t<div class=\"section-content relative\">\n\t\t\t\n<div class=\"row align-center\"  id=\"row-593622101\">\n\n\t<div id=\"col-171263812\" class=\"col small-12 large-12\"  >\n\t\t\t\t<div class=\"col-inner\"  >\n\t\t\t\n\t\t\t\n<p class=\"breadcrumbs\"><a href=\"..\/\">Theme 4<\/a> \/ Messages<\/p>\n<h1>Demut ist die eigentliche Sache<\/h1>\n<p class=\"article-date\">Auszug der Rede von Januar 1976<\/p>\n<p class=\"article-author\">von Elias Aslaksen<\/p>\n\t\t<\/div>\n\t\t\t\t\t<\/div>\n\n\t\n\n<style>\n#row-593622101 > .col > .col-inner {\n  padding: 30px 0px 0px 0px;\n}\n<\/style>\n<\/div>\n<div class=\"row align-center audio\"  id=\"row-321248978\">\n\n\t<div id=\"col-2105593714\" class=\"col small-12 large-12\"  >\n\t\t\t\t<div class=\"col-inner\"  >\n\t\t\t\n\t\t\t\n<!--[if lt IE 9]><script>document.createElement('audio');<\/script><![endif]-->\n<audio class=\"wp-audio-shortcode\" id=\"audio-15424-1\" preload=\"none\" style=\"width: 100%;\" controls=\"controls\"><source type=\"audio\/mpeg\" src=\"\/audio\/Tema%204\/DE\/19_Demut%20ist%20die%20eigentliche%20Sache.mp3?_=1\" \/><a href=\"\/audio\/Tema%204\/DE\/19_Demut%20ist%20die%20eigentliche%20Sache.mp3\">\/audio\/Tema%204\/DE\/19_Demut%20ist%20die%20eigentliche%20Sache.mp3<\/a><\/audio>\n<p class=\"click-to-listen\">Click to listen to the speech.<\/p>\n\t\t<\/div>\n\t\t\t\t\t<\/div>\n\n\t\n<\/div>\n<div class=\"row align-center article article-excerpt\"  id=\"row-423857073\">\n\n\t<div id=\"col-815844209\" class=\"col small-12 large-12\"  >\n\t\t\t\t<div class=\"col-inner text-left\"  >\n\t\t\t\n\t\t\t\n<p>Gott gibt dem Dem\u00fctigen Gnade. Und dann ist es absolut gleichg\u00fcltig, schreib es auf, dann ist es absolut gleichg\u00fcltig was alle anderen tun. Denn es ist ja so sonnenklar wie es nur sein kann, die Erl\u00f6sung, das ist eine pers\u00f6nliche Sache zwischen Gott und dem Einzelnen. Kein Mensch kann da zwischen kommen. Es ist eine direkte Verbindung zwischen Gott und jeder einzelnen Person. Es k\u00f6nnen keine anderen Menschen dazwischen kommen. Ich hoffe ihr versteht das. Ich hoffe ihr versteht was ich sage.<\/p>\n<p>Gott gibt dem Dem\u00fctigen Gnade. Ja wer kann hier dann st\u00f6ren? Wer kann das hindern? Es gelingt ja durch seine Gnade. Gnade bedeutet also Hilfe. Wir haben zwei Worte f\u00fcr Gnade, das eine ist Begnadigung, das andere ist Gnade. Begnadigung \u2013 das ist Vers\u00f6hnung und S\u00fcndenvergebung. Und Gnade \u2013 das ist Hilfe. Kr\u00e4ftige Hilfe! Das ist wahres Licht und wahres Leben zu bekommen, Sieg zu bekommen und von Licht zu Licht zu gehen, von Sieg zu Sieg und von Herrlichkeit zu Herrlichkeit. Das tut man nach dem Gesetz der Gnade.<\/p>\n<p>Und dann gibt es noch einen dummen Gedanken: nach einer Art Bescheidenheit, man denkt von sich selbst \u2013 ich bin ja ein besonders elender Wurm, aus mir kann ja nicht so viel werden. Dass es 100 % L\u00fcge. Es gibt genauso viel Hoffnung f\u00fcr die allergr\u00f6\u00dften S\u00fcnder, f\u00fcr den allergr\u00f6\u00dften S\u00fcnder auf der Erde. Es ist gar keine Frage, was wir gewesen sind. Es ist die Frage, wie dem\u00fctig wir sind und werden, und was wir dadurch werden. Denn nur dadurch werden wir in Wahrheit etwas.<\/p>\n<p>Und hier geht es um Millimeter und Milligramm. Gott ist bis ins Kleinste gerecht. Kein Ansehen der Person. Ganz egal, ob neu bekehrt, \u00e4ltester Bruder, oder wer es auch ist. Das ist vollkommen gleichg\u00fcltig. Alle sind vor dem Gesetz gleich. Es gibt nicht eine Andeutung von Ansehen der Person. Darum kann es auch vorkommen, dass es verh\u00e4ltnism\u00e4\u00dfig sehr gut mit jemandem geworden ist, doch dann steigt es zu Kopf und dann k\u00f6nnen sie kaputt gehen, ganz kaputt. Sie landen au\u00dferhalb. Wir m\u00fcssen jeden Tag unz\u00e4hlige Entscheidungen treffen, hunderte, tausende Male w\u00e4hlen. Und alles zusammen ist eine Folge von Demut oder dem Gegenteil.<\/p>\n\t\t<\/div>\n\t\t\t\t\t<\/div>\n\n\t\n\n\t<div id=\"col-1916964447\" class=\"col copyright small-12 large-12\"  >\n\t\t\t\t<div class=\"col-inner text-left\"  >\n\t\t\t\n\t\t\t\n<div>\u00a9 Copyright Stiftelsen Skjulte Skatters Forlag<\/div>\n\t\t<\/div>\n\t\t\t\t\t<\/div>\n\n\t\n\n\t<div id=\"col-1116286263\" class=\"col small-12 large-12\"  >\n\t\t\t\t<div class=\"col-inner text-left\"  >\n\t\t\t\n\t\t\t\n<div><a href=\"#\" class=\"read-more\">Weiterlesen<\/a><\/div>\n\t\t<\/div>\n\t\t\t\t\t<\/div>\n\n\t\n\n\t<div id=\"col-38002816\" class=\"col small-12 large-12\"  >\n\t\t\t\t<div class=\"col-inner text-left\"  >\n\t\t\t\n\t\t\t\n<p class=\"next-previous-message\"><a class=\"previous\" href=\"\/de\/bible-studies\/theme-4\/the-abundant-and-sure-grace-of-david\/\"><i class=\"icon-angle-left\"><\/i> Previous<\/a><a class=\"next\" href=\"\/de\/bible-studies\/theme-4\/the-fundamental-law-of-a-godly-life\/\">Next <i class=\"icon-angle-right\"><\/i><\/a><\/p>\n\t\t<\/div>\n\t\t\t\t\t<\/div>\n\n\t\n<\/div>\n\t\t<\/div>\n\n\t\t\n<style>\n#section_940119848 {\n  padding-top: 0px;\n  padding-bottom: 0px;\n  margin-bottom: 0px;\n}\n@media (min-width:550px) {\n  #section_940119848 {\n    padding-top: 0px;\n    padding-bottom: 0px;\n  }\n}\n<\/style>\n\t<\/section>\n\t\n\n\t<section class=\"section food-for-thought\" id=\"section_593936374\">\n\t\t<div class=\"section-bg fill\" >\n\t\t\t\t\t\t\t\t\t\n\t\t\t\n\n\t\t<\/div>\n\n\t\t\n\n\t\t<div class=\"section-content relative\">\n\t\t\t\n<div class=\"row align-center\"  id=\"row-384427051\">\n\n\t<div id=\"col-774865860\" class=\"col title small-12 large-12\"  >\n\t\t\t\t<div class=\"col-inner text-left dark\"  >\n\t\t\t\n\t\t\t\n<h2>Devotional<\/h2>\n\t\t<\/div>\n\t\t\t\t\t<\/div>\n\n\t\n\n\t<div id=\"col-1172964098\" class=\"col small-12 large-12\"  >\n\t\t\t\t<div class=\"col-inner dark\"  >\n\t\t\t\n\t\t\t\n<p>In der Rede &#8220;Demut ist die eigentliche Sache&#8221; sagt Elias Aslaksen, dass ein Gedanke wie &#8220;Ich bin ein armer Kerl; aus mir wird nichts&#8221; L\u00fcge ist. Warum ist das laut Br. Aslaksen so?<\/p>\n<p class='info'>You have to <a href='\/login\/'>log in<\/a> if you want to save your answer.<\/p>\n\t\t<\/div>\n\t\t\t\t\t<\/div>\n\n\t\n<\/div>\n\t\t<\/div>\n\n\t\t\n<style>\n#section_593936374 {\n  padding-top: 30px;\n  padding-bottom: 30px;\n  background-color: rgb(73, 92, 94);\n}\n<\/style>\n\t<\/section>\n\t\n","protected":false},"excerpt":{"rendered":"","protected":false},"author":5,"featured_media":0,"parent":15404,"menu_order":1,"comment_status":"closed","ping_status":"closed","template":"page-blank.php","meta":{"footnotes":""},"class_list":["post-15424","page","type-page","status-publish","hentry"],"aioseo_notices":[],"_links":{"self":[{"href":"https:\/\/words-of-faith.org\/de\/wp-json\/wp\/v2\/pages\/15424","targetHints":{"allow":["GET"]}}],"collection":[{"href":"https:\/\/words-of-faith.org\/de\/wp-json\/wp\/v2\/pages"}],"about":[{"href":"https:\/\/words-of-faith.org\/de\/wp-json\/wp\/v2\/types\/page"}],"author":[{"embeddable":true,"href":"https:\/\/words-of-faith.org\/de\/wp-json\/wp\/v2\/users\/5"}],"replies":[{"embeddable":true,"href":"https:\/\/words-of-faith.org\/de\/wp-json\/wp\/v2\/comments?post=15424"}],"version-history":[{"count":0,"href":"https:\/\/words-of-faith.org\/de\/wp-json\/wp\/v2\/pages\/15424\/revisions"}],"up":[{"embeddable":true,"href":"https:\/\/words-of-faith.org\/de\/wp-json\/wp\/v2\/pages\/15404"}],"wp:attachment":[{"href":"https:\/\/words-of-faith.org\/de\/wp-json\/wp\/v2\/media?parent=15424"}],"curies":[{"name":"wp","href":"https:\/\/api.w.org\/{rel}","templated":true}]}}

<section class="section" id="section_940119848">
		<div class="section-bg fill" >
									
			

		</div>

		

		<div class="section-content relative">
			
<div class="row align-center"  id="row-593622101">

	<div id="col-171263812" class="col small-12 large-12"  >
				<div class="col-inner"  >
			
			
<p class="breadcrumbs"><a href="../">Theme 4</a> / Messages</p>
<h1>Demut ist die eigentliche Sache</h1>
<p class="article-date">Auszug der Rede von Januar 1976</p>
<p class="article-author">von Elias Aslaksen</p>
		</div>
					</div>

	

<style>
#row-593622101 > .col > .col-inner {
  padding: 30px 0px 0px 0px;
}
</style>
</div>
<div class="row align-center audio"  id="row-321248978">

	<div id="col-2105593714" class="col small-12 large-12"  >
				<div class="col-inner"  >
			
			
<!--[if lt IE 9]><script>document.createElement('audio');</script><![endif]-->
<audio class="wp-audio-shortcode" id="audio-15424-1" preload="none" style="width: 100%;" controls="controls"><source type="audio/mpeg" src="/audio/Tema%204/DE/19_Demut%20ist%20die%20eigentliche%20Sache.mp3?_=1" /><a href="/audio/Tema%204/DE/19_Demut%20ist%20die%20eigentliche%20Sache.mp3">/audio/Tema%204/DE/19_Demut%20ist%20die%20eigentliche%20Sache.mp3</a></audio>
<p class="click-to-listen">Click to listen to the speech.</p>
		</div>
					</div>

	
</div>
<div class="row align-center article article-excerpt"  id="row-423857073">

	<div id="col-815844209" class="col small-12 large-12"  >
				<div class="col-inner text-left"  >
			
			
<p>Gott gibt dem Demütigen Gnade. Und dann ist es absolut gleichgültig, schreib es auf, dann ist es absolut gleichgültig was alle anderen tun. Denn es ist ja so sonnenklar wie es nur sein kann, die Erlösung, das ist eine persönliche Sache zwischen Gott und dem Einzelnen. Kein Mensch kann da zwischen kommen. Es ist eine direkte Verbindung zwischen Gott und jeder einzelnen Person. Es können keine anderen Menschen dazwischen kommen. Ich hoffe ihr versteht das. Ich hoffe ihr versteht was ich sage.</p>
<p>Gott gibt dem Demütigen Gnade. Ja wer kann hier dann stören? Wer kann das hindern? Es gelingt ja durch seine Gnade. Gnade bedeutet also Hilfe. Wir haben zwei Worte für Gnade, das eine ist Begnadigung, das andere ist Gnade. Begnadigung – das ist Versöhnung und Sündenvergebung. Und Gnade – das ist Hilfe. Kräftige Hilfe! Das ist wahres Licht und wahres Leben zu bekommen, Sieg zu bekommen und von Licht zu Licht zu gehen, von Sieg zu Sieg und von Herrlichkeit zu Herrlichkeit. Das tut man nach dem Gesetz der Gnade.</p>
<p>Und dann gibt es noch einen dummen Gedanken: nach einer Art Bescheidenheit, man denkt von sich selbst – ich bin ja ein besonders elender Wurm, aus mir kann ja nicht so viel werden. Dass es 100 % Lüge. Es gibt genauso viel Hoffnung für die allergrößten Sünder, für den allergrößten Sünder auf der Erde. Es ist gar keine Frage, was wir gewesen sind. Es ist die Frage, wie demütig wir sind und werden, und was wir dadurch werden. Denn nur dadurch werden wir in Wahrheit etwas.</p>
<p>Und hier geht es um Millimeter und Milligramm. Gott ist bis ins Kleinste gerecht. Kein Ansehen der Person. Ganz egal, ob neu bekehrt, ältester Bruder, oder wer es auch ist. Das ist vollkommen gleichgültig. Alle sind vor dem Gesetz gleich. Es gibt nicht eine Andeutung von Ansehen der Person. Darum kann es auch vorkommen, dass es verhältnismäßig sehr gut mit jemandem geworden ist, doch dann steigt es zu Kopf und dann können sie kaputt gehen, ganz kaputt. Sie landen außerhalb. Wir müssen jeden Tag unzählige Entscheidungen treffen, hunderte, tausende Male wählen. Und alles zusammen ist eine Folge von Demut oder dem Gegenteil.</p>
		</div>
					</div>

	

	<div id="col-1916964447" class="col copyright small-12 large-12"  >
				<div class="col-inner text-left"  >
			
			
<div>© Copyright Stiftelsen Skjulte Skatters Forlag</div>
		</div>
					</div>

	

	<div id="col-1116286263" class="col small-12 large-12"  >
				<div class="col-inner text-left"  >
			
			
<div><a href="#" class="read-more">Weiterlesen</a></div>
		</div>
					</div>

	

	<div id="col-38002816" class="col small-12 large-12"  >
				<div class="col-inner text-left"  >
			
			
<p class="next-previous-message"><a class="previous" href="/de/bible-studies/theme-4/the-abundant-and-sure-grace-of-david/"><i class="icon-angle-left"></i> Previous</a><a class="next" href="/de/bible-studies/theme-4/the-fundamental-law-of-a-godly-life/">Next <i class="icon-angle-right"></i></a></p>
		</div>
					</div>

	
</div>
		</div>

		
<style>
#section_940119848 {
  padding-top: 0px;
  padding-bottom: 0px;
  margin-bottom: 0px;
}
@media (min-width:550px) {
  #section_940119848 {
    padding-top: 0px;
    padding-bottom: 0px;
  }
}
</style>
	</section>
	

	<section class="section food-for-thought" id="section_593936374">
		<div class="section-bg fill" >
									
			

		</div>

		

		<div class="section-content relative">
			
<div class="row align-center"  id="row-384427051">

	<div id="col-774865860" class="col title small-12 large-12"  >
				<div class="col-inner text-left dark"  >
			
			
<h2>Devotional</h2>
		</div>
					</div>

	

	<div id="col-1172964098" class="col small-12 large-12"  >
				<div class="col-inner dark"  >
			
			
<p>In der Rede &#8220;Demut ist die eigentliche Sache&#8221; sagt Elias Aslaksen, dass ein Gedanke wie &#8220;Ich bin ein armer Kerl; aus mir wird nichts&#8221; Lüge ist. Warum ist das laut Br. Aslaksen so?</p>
<p class='info'>You have to <a href='/login/'>log in</a> if you want to save your answer.</p>
		</div>
					</div>

	
</div>
		</div>

		
<style>
#section_593936374 {
  padding-top: 30px;
  padding-bottom: 30px;
  background-color: rgb(73, 92, 94);
}
</style>
	</section>
