{"id":11038,"date":"2020-05-14T20:00:14","date_gmt":"2020-05-14T18:00:14","guid":{"rendered":"https:\/\/aslaksen.bcc.no\/?page_id=11038"},"modified":"2020-08-21T12:19:27","modified_gmt":"2020-08-21T10:19:27","slug":"les-deux-grands-buts-dans-la-vie-du-chretien","status":"publish","type":"page","link":"https:\/\/words-of-faith.org\/fr\/bible-study\/theme-2\/les-deux-grands-buts-dans-la-vie-du-chretien\/","title":{"rendered":"Les deux grands buts dans la vie du chr\u00e9tien"},"content":{"rendered":"\n\t<section class=\"section\" id=\"section_2053820066\">\n\t\t<div class=\"section-bg fill\" >\n\t\t\t\t\t\t\t\t\t\n\t\t\t\n\n\t\t<\/div>\n\n\t\t\n\n\t\t<div class=\"section-content relative\">\n\t\t\t\n<div class=\"row align-center\"  id=\"row-1250296452\">\n\n\t<div id=\"col-1685907015\" class=\"col small-12 large-12\"  >\n\t\t\t\t<div class=\"col-inner\"  >\n\t\t\t\n\t\t\t\n<p class=\"breadcrumbs\"><a href=\"..\/\">Theme 2<\/a> \/ Messages<\/p>\n<h1>Les deux grands buts dans la vie du chr\u00e9tien<\/h1>\n<p class=\"article-date\">Tr\u00e9sors Cach\u00e9s, publi\u00e9 en novembre 1957<\/p>\n<p class=\"article-author\">de Elias Aslaksen<\/p>\n\t\t<\/div>\n\t\t\t\t\t<\/div>\n\n\t\n\n<style>\n#row-1250296452 > .col > .col-inner {\n  padding: 30px 0px 0px 0px;\n}\n<\/style>\n<\/div>\n<div class=\"row align-center audio\"  id=\"row-66812900\">\n\n\t<div id=\"col-1754672644\" class=\"col small-12 large-12\"  >\n\t\t\t\t<div class=\"col-inner\"  >\n\t\t\t\n\t\t\t\n<!--[if lt IE 9]><script>document.createElement('audio');<\/script><![endif]-->\n<audio class=\"wp-audio-shortcode\" id=\"audio-11038-1\" preload=\"none\" style=\"width: 100%;\" controls=\"controls\"><source type=\"audio\/mpeg\" src=\"\/audio\/Tema%202\/fr\/12%20Les%20deux%20grands%20buts%20dans%20la%20vie%20du%20chr%C3%A9tien_MASTER.mp3?_=1\" \/><a href=\"\/audio\/Tema%202\/fr\/12%20Les%20deux%20grands%20buts%20dans%20la%20vie%20du%20chr%C3%A9tien_MASTER.mp3\">\/audio\/Tema%202\/fr\/12%20Les%20deux%20grands%20buts%20dans%20la%20vie%20du%20chr%C3%A9tien_MASTER.mp3<\/a><\/audio>\n<p class=\"click-to-listen\">Click to listen to the speech.<\/p>\n\t\t<\/div>\n\t\t\t\t\t<\/div>\n\n\t\n<\/div>\n<div class=\"row align-center article article-excerpt\"  id=\"row-1357751911\">\n\n\t<div id=\"col-105109351\" class=\"col small-12 large-12\"  >\n\t\t\t\t<div class=\"col-inner text-left\"  >\n\t\t\t\n\t\t\t\n<div id=\"chapter-element-2\" data-v-7f3df67e=\"\">\n<p>I.<\/p>\n<p>Avoir toujours la victoire sur tout p\u00e9ch\u00e9 conscient.<\/p>\n<p>Christ \u00e9tant mort pour nos p\u00e9ch\u00e9s, nos p\u00e9ch\u00e9s nous sont pardonn\u00e9s si nous le croyons et si nous pardonnons nous-m\u00eames, de tout notre c\u0153ur, \u00e0 tous ceux qui nous ont offens\u00e9s.<\/p>\n<p>C\u2019est aussi par la foi que nous obtenons la victoire sur tout p\u00e9ch\u00e9 conscient, \u00e0 savoir par la foi que notre vieil homme a \u00e9t\u00e9 crucifi\u00e9 avec Christ, Ro. 6, 6, ou bien comme c\u2019est exprim\u00e9 dans Ga. 2, 20&nbsp;:<\/p>\n<p>\u00ab&nbsp;J\u2019ai \u00e9t\u00e9 crucifi\u00e9 avec Christ\u2026&nbsp;\u00bb<\/p>\n<p>Dans et par cette foi, nous mourons quant au fait de p\u00e9cher, quant \u00e0 tout p\u00e9ch\u00e9 conscient, de sorte que \u2013 au lieu de commettre des p\u00e9ch\u00e9s \u2013 nous restons debout et nous sommes vainqueurs dans chaque tentation.<\/p>\n<p>Comme c\u2019est magnifique de pouvoir ainsi toujours vivre avec une bonne conscience devant Dieu et les hommes&nbsp;! \u2013 \u2013 \u2013<\/p>\n<p>Paul \u00e9crit&nbsp;: \u00ab&nbsp;Gr\u00e2ces soient rendues \u00e0 Dieu, qui nous fait toujours triompher en Christ\u2026&nbsp;\u00bb 2 Co. 2, 14.<\/p>\n<p>Mais la plupart n\u2019ont malheureusement absolument pas atteint ce but provisoire et glorieux dans leur vie. Et il y a deux bonnes raisons particuli\u00e8res \u00e0 cela&nbsp;:<\/p>\n<ol>\n<li>On refuse tout simplement d\u2019abandonner toute sa propre vie et de mourir avec Christ, et, du m\u00eame coup, la possibilit\u00e9 de parvenir \u00e0 cette magnifique vie de victoire est exclue.<\/li>\n<\/ol>\n<p>&nbsp;<\/p>\n<ol start=\"2\">\n<li>On ne croit absolument pas qu\u2019on a \u00e9t\u00e9 crucifi\u00e9 avec lui, et on ne peut pas non plus arriver \u00e0 le croire aussi longtemps qu\u2019on ne veut absolument pas abandonner toute sa vie propre. Dieu ne nous donne pas la foi en quelque chose que ne voulons pas nous-m\u00eames.<\/li>\n<\/ol>\n<p>Si on veut vraiment suivre le chemin sur les traces de J\u00e9sus, on re\u00e7oit aussi la foi pour le suivre. Gloire \u00e0 Dieu&nbsp;!<\/p>\n<p>II.<\/p>\n<p>Du fait qu\u2019on re\u00e7oit la lumi\u00e8re de la vie dans une mesure croissante, du fait que le p\u00e9ch\u00e9 conscient nous est d\u00e9voil\u00e9 et que nous nous en d\u00e9pouillons&nbsp;: nous croissons dans le bien.<\/p>\n<p>C\u2019est la m\u00eame chose qu\u2019une transformation croissante de notre \u00eatre int\u00e9rieur, et la m\u00eame chose qu\u2019une participation croissante \u00e0 la nature divine.<\/p>\n<p>Nous n\u2019avons pas un but restreint, mais des possibilit\u00e9s pratiquement illimit\u00e9es. Le but est alors&nbsp;:<\/p>\n<p>Le plus possible de croissance et de transformation&nbsp;!<\/p>\n<p>Pour la m\u00eame raison, ce sont tous les fruits de l\u2019Esprit et toutes les vertus de Christ, avec l\u2019\u00e9tendue et la profondeur les plus grandes possible, qui m\u00e9ritent toujours un vif int\u00e9r\u00eat de notre part.<\/p>\n<p>\u00ab&nbsp;Nous croyons, c\u2019est pourquoi nous parlons&nbsp;\u00bb, dit Paul. Nous parlons de ce que nous croyons. Si donc on n\u2019en parle pas du tout, il y a une raison pr\u00e9cise \u00e0 cela&nbsp;: c\u2019est qu\u2019on n\u2019y croit pas. \u2013<\/p>\n<p>&nbsp;<\/p>\n<p>&nbsp;<\/p>\n<p>Au sujet de I et de II, on peut dire que les souhaits et les r\u00eaves sont inutiles, pas plus que des tentatives plus ou moins faibles. Non, \u2013 c\u2019est parfaitement inutile&nbsp;! Mais la seule chose qui vaille, qui produise un effet, c\u2019est une foi vivante en l\u2019\u0153uvre de Dieu et de Christ, et en la Parole qui parle de cela avec clart\u00e9, d\u00e9termination et fermet\u00e9, et qui m\u00eame ne parle presque pas d\u2019autre chose. \u2013 Lis, r\u00e9fl\u00e9chis et crois&nbsp;!<\/p>\n<p>&nbsp;<\/p>\n<p>Elias Aslaksen<\/p>\n<\/div>\n\t\t<\/div>\n\t\t\t\t\t<\/div>\n\n\t\n\n\t<div id=\"col-1311920368\" class=\"col copyright small-12 large-12\"  >\n\t\t\t\t<div class=\"col-inner text-left\"  >\n\t\t\t\n\t\t\t\n<div>\u00a9 Copyright Stiftelsen Skjulte Skatters Forlag<\/div>\n\t\t<\/div>\n\t\t\t\t\t<\/div>\n\n\t\n\n\t<div id=\"col-445912307\" class=\"col small-12 large-12\"  >\n\t\t\t\t<div class=\"col-inner text-left\"  >\n\t\t\t\n\t\t\t\n<div><a href=\"#\" class=\"read-more\">Lire plus<\/a><\/div>\n\t\t<\/div>\n\t\t\t\t\t<\/div>\n\n\t\n\n\t<div id=\"col-1647604830\" class=\"col small-12 large-12\"  >\n\t\t\t\t<div class=\"col-inner text-left\"  >\n\t\t\t\n\t\t\t\n<p class=\"next-previous-message\"><a class=\"previous\" href=\"\/fr\/bible-studies\/theme-2\/taking-up-your-cross\/\"><i class=\"icon-angle-left\"><\/i> Previous<\/a><a class=\"next\" href=\"\/fr\/bible-studies\/theme-2\/deny-oneself\/\">Next <i class=\"icon-angle-right\"><\/i><\/a><\/p>\n\t\t<\/div>\n\t\t\t\t\t<\/div>\n\n\t\n<\/div>\n\t\t<\/div>\n\n\t\t\n<style>\n#section_2053820066 {\n  padding-top: 0px;\n  padding-bottom: 0px;\n  margin-bottom: 0px;\n}\n@media (min-width:550px) {\n  #section_2053820066 {\n    padding-top: 0px;\n    padding-bottom: 0px;\n  }\n}\n<\/style>\n\t<\/section>\n\t\n\n\t<section class=\"section food-for-thought\" id=\"section_1332536986\">\n\t\t<div class=\"section-bg fill\" >\n\t\t\t\t\t\t\t\t\t\n\t\t\t\n\n\t\t<\/div>\n\n\t\t\n\n\t\t<div class=\"section-content relative\">\n\t\t\t\n<div class=\"row align-center\"  id=\"row-1954843158\">\n\n\t<div id=\"col-1810740233\" class=\"col title small-12 large-12\"  >\n\t\t\t\t<div class=\"col-inner text-left dark\"  >\n\t\t\t\n\t\t\t\n<h2>Devotional<\/h2>\n\t\t<\/div>\n\t\t\t\t\t<\/div>\n\n\t\n\n\t<div id=\"col-326359914\" class=\"col small-12 large-12\"  >\n\t\t\t\t<div class=\"col-inner dark\"  >\n\t\t\t\n\t\t\t\n<p>Ecris toutes les exhortations qu&#8217;Aslaksen \u00e9crit dans l&#8217;article &#8220;Les deux buts principaux dans la vie d&#8217;un chr\u00e9tien&#8221;. Y a t-il une de ces exhortations qui te parle particuli\u00e8rement ?<\/p>\n<p class='info'>You have to <a href='\/login\/'>log in<\/a> if you want to save your answer.<\/p>\n\t\t<\/div>\n\t\t\t\t\t<\/div>\n\n\t\n<\/div>\n\t\t<\/div>\n\n\t\t\n<style>\n#section_1332536986 {\n  padding-top: 30px;\n  padding-bottom: 30px;\n  background-color: rgb(73, 92, 94);\n}\n<\/style>\n\t<\/section>\n\t\n","protected":false},"excerpt":{"rendered":"","protected":false},"author":5,"featured_media":0,"parent":10114,"menu_order":0,"comment_status":"closed","ping_status":"closed","template":"page-blank.php","meta":{"footnotes":""},"class_list":["post-11038","page","type-page","status-publish","hentry"],"aioseo_notices":[],"_links":{"self":[{"href":"https:\/\/words-of-faith.org\/fr\/wp-json\/wp\/v2\/pages\/11038","targetHints":{"allow":["GET"]}}],"collection":[{"href":"https:\/\/words-of-faith.org\/fr\/wp-json\/wp\/v2\/pages"}],"about":[{"href":"https:\/\/words-of-faith.org\/fr\/wp-json\/wp\/v2\/types\/page"}],"author":[{"embeddable":true,"href":"https:\/\/words-of-faith.org\/fr\/wp-json\/wp\/v2\/users\/5"}],"replies":[{"embeddable":true,"href":"https:\/\/words-of-faith.org\/fr\/wp-json\/wp\/v2\/comments?post=11038"}],"version-history":[{"count":0,"href":"https:\/\/words-of-faith.org\/fr\/wp-json\/wp\/v2\/pages\/11038\/revisions"}],"up":[{"embeddable":true,"href":"https:\/\/words-of-faith.org\/fr\/wp-json\/wp\/v2\/pages\/10114"}],"wp:attachment":[{"href":"https:\/\/words-of-faith.org\/fr\/wp-json\/wp\/v2\/media?parent=11038"}],"curies":[{"name":"wp","href":"https:\/\/api.w.org\/{rel}","templated":true}]}}

Les deux grands buts dans la vie du chrétien

<section class="section" id="section_2053820066">
		<div class="section-bg fill" >
									
			

		</div>

		

		<div class="section-content relative">
			
<div class="row align-center"  id="row-1250296452">

	<div id="col-1685907015" class="col small-12 large-12"  >
				<div class="col-inner"  >
			
			
<p class="breadcrumbs"><a href="../">Theme 2</a> / Messages</p>
<h1>Les deux grands buts dans la vie du chrétien</h1>
<p class="article-date">Trésors Cachés, publié en novembre 1957</p>
<p class="article-author">de Elias Aslaksen</p>
		</div>
					</div>

	

<style>
#row-1250296452 > .col > .col-inner {
  padding: 30px 0px 0px 0px;
}
</style>
</div>
<div class="row align-center audio"  id="row-66812900">

	<div id="col-1754672644" class="col small-12 large-12"  >
				<div class="col-inner"  >
			
			
<!--[if lt IE 9]><script>document.createElement('audio');</script><![endif]-->
<audio class="wp-audio-shortcode" id="audio-11038-1" preload="none" style="width: 100%;" controls="controls"><source type="audio/mpeg" src="/audio/Tema%202/fr/12%20Les%20deux%20grands%20buts%20dans%20la%20vie%20du%20chr%C3%A9tien_MASTER.mp3?_=1" /><a href="/audio/Tema%202/fr/12%20Les%20deux%20grands%20buts%20dans%20la%20vie%20du%20chr%C3%A9tien_MASTER.mp3">/audio/Tema%202/fr/12%20Les%20deux%20grands%20buts%20dans%20la%20vie%20du%20chr%C3%A9tien_MASTER.mp3</a></audio>
<p class="click-to-listen">Click to listen to the speech.</p>
		</div>
					</div>

	
</div>
<div class="row align-center article article-excerpt"  id="row-1357751911">

	<div id="col-105109351" class="col small-12 large-12"  >
				<div class="col-inner text-left"  >
			
			
<div id="chapter-element-2" data-v-7f3df67e="">
<p>I.</p>
<p>Avoir toujours la victoire sur tout péché conscient.</p>
<p>Christ étant mort pour nos péchés, nos péchés nous sont pardonnés si nous le croyons et si nous pardonnons nous-mêmes, de tout notre cœur, à tous ceux qui nous ont offensés.</p>
<p>C’est aussi par la foi que nous obtenons la victoire sur tout péché conscient, à savoir par la foi que notre vieil homme a été crucifié avec Christ, Ro. 6, 6, ou bien comme c’est exprimé dans Ga. 2, 20&nbsp;:</p>
<p>«&nbsp;J’ai été crucifié avec Christ…&nbsp;»</p>
<p>Dans et par cette foi, nous mourons quant au fait de pécher, quant à tout péché conscient, de sorte que – au lieu de commettre des péchés – nous restons debout et nous sommes vainqueurs dans chaque tentation.</p>
<p>Comme c’est magnifique de pouvoir ainsi toujours vivre avec une bonne conscience devant Dieu et les hommes&nbsp;! – – –</p>
<p>Paul écrit&nbsp;: «&nbsp;Grâces soient rendues à Dieu, qui nous fait toujours triompher en Christ…&nbsp;» 2 Co. 2, 14.</p>
<p>Mais la plupart n’ont malheureusement absolument pas atteint ce but provisoire et glorieux dans leur vie. Et il y a deux bonnes raisons particulières à cela&nbsp;:</p>
<ol>
<li>On refuse tout simplement d’abandonner toute sa propre vie et de mourir avec Christ, et, du même coup, la possibilité de parvenir à cette magnifique vie de victoire est exclue.</li>
</ol>
<p>&nbsp;</p>
<ol start="2">
<li>On ne croit absolument pas qu’on a été crucifié avec lui, et on ne peut pas non plus arriver à le croire aussi longtemps qu’on ne veut absolument pas abandonner toute sa vie propre. Dieu ne nous donne pas la foi en quelque chose que ne voulons pas nous-mêmes.</li>
</ol>
<p>Si on veut vraiment suivre le chemin sur les traces de Jésus, on reçoit aussi la foi pour le suivre. Gloire à Dieu&nbsp;!</p>
<p>II.</p>
<p>Du fait qu’on reçoit la lumière de la vie dans une mesure croissante, du fait que le péché conscient nous est dévoilé et que nous nous en dépouillons&nbsp;: nous croissons dans le bien.</p>
<p>C’est la même chose qu’une transformation croissante de notre être intérieur, et la même chose qu’une participation croissante à la nature divine.</p>
<p>Nous n’avons pas un but restreint, mais des possibilités pratiquement illimitées. Le but est alors&nbsp;:</p>
<p>Le plus possible de croissance et de transformation&nbsp;!</p>
<p>Pour la même raison, ce sont tous les fruits de l’Esprit et toutes les vertus de Christ, avec l’étendue et la profondeur les plus grandes possible, qui méritent toujours un vif intérêt de notre part.</p>
<p>«&nbsp;Nous croyons, c’est pourquoi nous parlons&nbsp;», dit Paul. Nous parlons de ce que nous croyons. Si donc on n’en parle pas du tout, il y a une raison précise à cela&nbsp;: c’est qu’on n’y croit pas. –</p>
<p>&nbsp;</p>
<p>&nbsp;</p>
<p>Au sujet de I et de II, on peut dire que les souhaits et les rêves sont inutiles, pas plus que des tentatives plus ou moins faibles. Non, – c’est parfaitement inutile&nbsp;! Mais la seule chose qui vaille, qui produise un effet, c’est une foi vivante en l’œuvre de Dieu et de Christ, et en la Parole qui parle de cela avec clarté, détermination et fermeté, et qui même ne parle presque pas d’autre chose. – Lis, réfléchis et crois&nbsp;!</p>
<p>&nbsp;</p>
<p>Elias Aslaksen</p>
</div>
		</div>
					</div>

	

	<div id="col-1311920368" class="col copyright small-12 large-12"  >
				<div class="col-inner text-left"  >
			
			
<div>© Copyright Stiftelsen Skjulte Skatters Forlag</div>
		</div>
					</div>

	

	<div id="col-445912307" class="col small-12 large-12"  >
				<div class="col-inner text-left"  >
			
			
<div><a href="#" class="read-more">Lire plus</a></div>
		</div>
					</div>

	

	<div id="col-1647604830" class="col small-12 large-12"  >
				<div class="col-inner text-left"  >
			
			
<p class="next-previous-message"><a class="previous" href="/fr/bible-studies/theme-2/taking-up-your-cross/"><i class="icon-angle-left"></i> Previous</a><a class="next" href="/fr/bible-studies/theme-2/deny-oneself/">Next <i class="icon-angle-right"></i></a></p>
		</div>
					</div>

	
</div>
		</div>

		
<style>
#section_2053820066 {
  padding-top: 0px;
  padding-bottom: 0px;
  margin-bottom: 0px;
}
@media (min-width:550px) {
  #section_2053820066 {
    padding-top: 0px;
    padding-bottom: 0px;
  }
}
</style>
	</section>
	

	<section class="section food-for-thought" id="section_1332536986">
		<div class="section-bg fill" >
									
			

		</div>

		

		<div class="section-content relative">
			
<div class="row align-center"  id="row-1954843158">

	<div id="col-1810740233" class="col title small-12 large-12"  >
				<div class="col-inner text-left dark"  >
			
			
<h2>Devotional</h2>
		</div>
					</div>

	

	<div id="col-326359914" class="col small-12 large-12"  >
				<div class="col-inner dark"  >
			
			
<p>Ecris toutes les exhortations qu&#8217;Aslaksen écrit dans l&#8217;article &#8220;Les deux buts principaux dans la vie d&#8217;un chrétien&#8221;. Y a t-il une de ces exhortations qui te parle particulièrement ?</p>
<p class='info'>You have to <a href='/login/'>log in</a> if you want to save your answer.</p>
		</div>
					</div>

	
</div>
		</div>

		
<style>
#section_1332536986 {
  padding-top: 30px;
  padding-bottom: 30px;
  background-color: rgb(73, 92, 94);
}
</style>
	</section>
