{"id":18437,"date":"2020-07-21T10:34:18","date_gmt":"2020-07-21T08:34:18","guid":{"rendered":"https:\/\/aslaksen.bcc.no\/?page_id=18437"},"modified":"2020-10-01T11:02:28","modified_gmt":"2020-10-01T09:02:28","slug":"vaer-glade-i-hapet","status":"publish","type":"page","link":"https:\/\/words-of-faith.org\/no\/bibelstudier\/tema-1\/vaer-glade-i-hapet\/","title":{"rendered":"V\u00e6r glade i h\u00e5pet"},"content":{"rendered":"\n\t<section class=\"section\" id=\"section_742714575\">\n\t\t<div class=\"section-bg fill\" >\n\t\t\t\t\t\t\t\t\t\n\t\t\t\n\n\t\t<\/div>\n\n\t\t\n\n\t\t<div class=\"section-content relative\">\n\t\t\t\n<div class=\"row align-center\"  id=\"row-2095520757\">\n\n\t<div id=\"col-1712550875\" class=\"col small-12 large-12\"  >\n\t\t\t\t<div class=\"col-inner\"  >\n\t\t\t\n\t\t\t\n<p class=\"breadcrumbs\"><a href=\"..\/\">Tema 1<\/a> \/ Taler<\/p>\n<h1>V\u00e6r glade i h\u00e5pet<\/h1>\n<p class=\"article-date\">Fra en tale holdt i 1963<\/p>\n<p class=\"article-author\">av Elias Aslaksen<\/p>\n\t\t<\/div>\n\t\t\t\t\t<\/div>\n\n\t\n\n<style>\n#row-2095520757 > .col > .col-inner {\n  padding: 30px 0px 0px 0px;\n}\n<\/style>\n<\/div>\n<div class=\"row align-center audio\"  id=\"row-58002225\">\n\n\t<div id=\"col-539264015\" class=\"col small-12 large-12\"  >\n\t\t\t\t<div class=\"col-inner\"  >\n\t\t\t\n\t\t\t\n<!--[if lt IE 9]><script>document.createElement('audio');<\/script><![endif]-->\n<audio class=\"wp-audio-shortcode\" id=\"audio-18437-1\" preload=\"none\" style=\"width: 100%;\" controls=\"controls\"><source type=\"audio\/mpeg\" src=\"\/audio\/Tema%201\/no\/4%20T%20-%20V\u00e6r%20glade%20i%20h\u00e5pet.mp3?_=1\" \/><a href=\"\/audio\/Tema%201\/no\/4%20T%20-%20V\u00e6r%20glade%20i%20h\u00e5pet.mp3\">\/audio\/Tema%201\/no\/4%20T%20-%20V\u00e6r%20glade%20i%20h\u00e5pet.mp3<\/a><\/audio>\n<p class=\"click-to-listen\">Click to listen to the speech.<\/p>\n\t\t<\/div>\n\t\t\t\t\t<\/div>\n\n\t\n<\/div>\n<div class=\"row align-center article article-excerpt\"  id=\"row-1693188032\">\n\n\t<div id=\"col-449480483\" class=\"col small-12 large-12\"  >\n\t\t\t\t<div class=\"col-inner text-left\"  >\n\t\t\t\n\t\t\t\n<p>Alts\u00e5 man kjemper og strider med det som ikke er gjort, det som ikke er i orden, med det som b\u00f8r v\u00e6re annerledes. S\u00e5 g\u00e5r det sm\u00e5tt, og s\u00e5 g\u00e5r det d\u00e5rlig og s\u00e5 er det mye igjen, og s\u00e5 er det allerede g\u00e5tt lang tid. Det ser svart ut. S\u00e5 svart, at det kveler gleden over det Han har gjort.<\/p>\n<p>Det som mangler, det som er hovedsaken, det er gleden i h\u00e5pet. Og h\u00e5p har ikke noe med det \u00e5 gj\u00f8re som man har gjort, og som vi har f\u00e5tt, det som er skjedd, det har bare med det \u00e5 gj\u00f8re som enn\u00e5 ikke er skjedd. N\u00e5r s\u00e5 h\u00e5pet blir levende, og jeg blir full av glede i h\u00e5pet, s\u00e5 er alts\u00e5 alt dette tunge, og alt dette triste rett og slett forduftet. S\u00e5 har jeg ogs\u00e5 \u2013 er jeg full av glede i h\u00e5pet om at det skal bli i orden alt det som enn\u00e5 ikke er i orden. Og s\u00e5 er jeg full av glede over det som allerede er i orden. Og s\u00e5 er det glede for alt i hop! Alts\u00e5 gleden i h\u00e5pet utl\u00f8ser gleden over det som er skjedd. S\u00e5 blir det dobbelt glede. Det blir glede for alt i h\u00e5p.<\/p>\n<p>Og gleden i Gud er en svimlende kraft. Nettopp ved gleden i h\u00e5pet s\u00e5 g\u00e5r det full fart forover. Det er noe annet enn \u00e5 se h\u00e5pl\u00f8st ut. Og dette er s\u00e5 fremmed, det er s\u00e5 ukjent, det er s\u00e5 nytt at det er meget vanskelig i en fart \u00e5 komme inn i gleden i h\u00e5pet. Det tar sin tid. Det er bare om \u00e5 gj\u00f8re \u00e5 f\u00e5 forst\u00e5elsen av at det er liv om \u00e5 gj\u00f8re \u00e5 bli full av glede i h\u00e5pet.<\/p>\n<p>Og s\u00e5 m\u00e5 man alts\u00e5 da by til alt man kan, s\u00e5 m\u00e5 man alts\u00e5 s\u00f8ke det, arbeide med det, arbeide p\u00e5 v\u00e5r sjels frelse.<\/p>\n<p>Alt st\u00e5r og faller med gleden i h\u00e5pet. Det utl\u00f8ser alt godt \u2013 og det fordriver alt vondt og m\u00f8rkt og svart og gr\u00e5tt. H\u00e5pet er noe av det vidunderligste som eksisterer p\u00e5 jordkloden. I himmelen trenger vi ikke noe h\u00e5p. For der er alt i orden. Men her i utlendigheten er det h\u00e5pet som utgj\u00f8r alt sammen.<\/p>\n\t\t<\/div>\n\t\t\t\t\t<\/div>\n\n\t\n\n\t<div id=\"col-1606500999\" class=\"col copyright small-12 large-12\"  >\n\t\t\t\t<div class=\"col-inner text-left\"  >\n\t\t\t\n\t\t\t\n<div>\u00a9 Copyright Stiftelsen Skjulte Skatters Forlag<\/div>\n\t\t<\/div>\n\t\t\t\t\t<\/div>\n\n\t\n\n\t<div id=\"col-35685487\" class=\"col small-12 large-12\"  >\n\t\t\t\t<div class=\"col-inner text-left\"  >\n\t\t\t\n\t\t\t\n<div><a href=\"#\" class=\"read-more\">Les mer<\/a><\/div>\n\t\t<\/div>\n\t\t\t\t\t<\/div>\n\n\t\n\n\t<div id=\"col-256666140\" class=\"col small-12 large-12\"  >\n\t\t\t\t<div class=\"col-inner text-left\"  >\n\t\t\t\n\t\t\t\n<p class=\"next-previous-message\"><a class=\"previous\" href=\"..\/deg-skje-som-du-tror\/\"><i class=\"icon-angle-left\"><\/i> Previous<\/a><a class=\"next\" href=\"..\/a-tro-likesom-abraham\/\">Next <i class=\"icon-angle-right\"><\/i><\/a><\/p>\n\t\t<\/div>\n\t\t\t\t\t<\/div>\n\n\t\n<\/div>\n\t\t<\/div>\n\n\t\t\n<style>\n#section_742714575 {\n  padding-top: 0px;\n  padding-bottom: 0px;\n  margin-bottom: 0px;\n}\n@media (min-width:550px) {\n  #section_742714575 {\n    padding-top: 0px;\n    padding-bottom: 0px;\n  }\n}\n<\/style>\n\t<\/section>\n\t\n\n\t<section class=\"section food-for-thought\" id=\"section_883604693\">\n\t\t<div class=\"section-bg fill\" >\n\t\t\t\t\t\t\t\t\t\n\t\t\t\n\n\t\t<\/div>\n\n\t\t\n\n\t\t<div class=\"section-content relative\">\n\t\t\t\n<div class=\"row align-center\"  id=\"row-1990084049\">\n\n\t<div id=\"col-2037920514\" class=\"col title small-12 large-12\"  >\n\t\t\t\t<div class=\"col-inner text-left dark\"  >\n\t\t\t\n\t\t\t\n<h2>Devotional<\/h2>\n\t\t<\/div>\n\t\t\t\t\t<\/div>\n\n\t\n\n\t<div id=\"col-1644636122\" class=\"col small-12 large-12\"  >\n\t\t\t\t<div class=\"col-inner dark\"  >\n\t\t\t\n\t\t\t\n<p>I talen \u00abV\u00e6r glade i h\u00e5pet\u00bb sier Aslaksen at h\u00e5pet utgj\u00f8r alt sammen. Hva tror DU han mener med dette?<\/p>\n<p class='info'>You have to <a href='\/login\/'>log in<\/a> if you want to save your answer.<\/p>\n\t\t<\/div>\n\t\t\t\t\t<\/div>\n\n\t\n<\/div>\n\t\t<\/div>\n\n\t\t\n<style>\n#section_883604693 {\n  padding-top: 30px;\n  padding-bottom: 30px;\n  background-color: rgb(73, 92, 94);\n}\n<\/style>\n\t<\/section>\n\t\n\t<div id=\"gap-1108305692\" class=\"gap-element clearfix\" style=\"display:block; height:auto;\">\n\t\t\n<style>\n#gap-1108305692 {\n  padding-top: 20px;\n}\n<\/style>\n\t<\/div>\n\t\n<p style=\"text-align: center;\"><a href=\"..\/\"><u>Tilbake til Tema 1<\/u><\/a><\/p>\n","protected":false},"excerpt":{"rendered":"<p>Tilbake til Tema 1<\/p>\n","protected":false},"author":5,"featured_media":0,"parent":7635,"menu_order":3,"comment_status":"closed","ping_status":"closed","template":"page-blank.php","meta":{"footnotes":""},"class_list":["post-18437","page","type-page","status-publish","hentry"],"aioseo_notices":[],"_links":{"self":[{"href":"https:\/\/words-of-faith.org\/no\/wp-json\/wp\/v2\/pages\/18437","targetHints":{"allow":["GET"]}}],"collection":[{"href":"https:\/\/words-of-faith.org\/no\/wp-json\/wp\/v2\/pages"}],"about":[{"href":"https:\/\/words-of-faith.org\/no\/wp-json\/wp\/v2\/types\/page"}],"author":[{"embeddable":true,"href":"https:\/\/words-of-faith.org\/no\/wp-json\/wp\/v2\/users\/5"}],"replies":[{"embeddable":true,"href":"https:\/\/words-of-faith.org\/no\/wp-json\/wp\/v2\/comments?post=18437"}],"version-history":[{"count":0,"href":"https:\/\/words-of-faith.org\/no\/wp-json\/wp\/v2\/pages\/18437\/revisions"}],"up":[{"embeddable":true,"href":"https:\/\/words-of-faith.org\/no\/wp-json\/wp\/v2\/pages\/7635"}],"wp:attachment":[{"href":"https:\/\/words-of-faith.org\/no\/wp-json\/wp\/v2\/media?parent=18437"}],"curies":[{"name":"wp","href":"https:\/\/api.w.org\/{rel}","templated":true}]}}

Vær glade i håpet

<section class="section" id="section_742714575">
		<div class="section-bg fill" >
									
			

		</div>

		

		<div class="section-content relative">
			
<div class="row align-center"  id="row-2095520757">

	<div id="col-1712550875" class="col small-12 large-12"  >
				<div class="col-inner"  >
			
			
<p class="breadcrumbs"><a href="../">Tema 1</a> / Taler</p>
<h1>Vær glade i håpet</h1>
<p class="article-date">Fra en tale holdt i 1963</p>
<p class="article-author">av Elias Aslaksen</p>
		</div>
					</div>

	

<style>
#row-2095520757 > .col > .col-inner {
  padding: 30px 0px 0px 0px;
}
</style>
</div>
<div class="row align-center audio"  id="row-58002225">

	<div id="col-539264015" class="col small-12 large-12"  >
				<div class="col-inner"  >
			
			
<!--[if lt IE 9]><script>document.createElement('audio');</script><![endif]-->
<audio class="wp-audio-shortcode" id="audio-18437-1" preload="none" style="width: 100%;" controls="controls"><source type="audio/mpeg" src="/audio/Tema%201/no/4%20T%20-%20Vær%20glade%20i%20håpet.mp3?_=1" /><a href="/audio/Tema%201/no/4%20T%20-%20Vær%20glade%20i%20håpet.mp3">/audio/Tema%201/no/4%20T%20-%20Vær%20glade%20i%20håpet.mp3</a></audio>
<p class="click-to-listen">Click to listen to the speech.</p>
		</div>
					</div>

	
</div>
<div class="row align-center article article-excerpt"  id="row-1693188032">

	<div id="col-449480483" class="col small-12 large-12"  >
				<div class="col-inner text-left"  >
			
			
<p>Altså man kjemper og strider med det som ikke er gjort, det som ikke er i orden, med det som bør være annerledes. Så går det smått, og så går det dårlig og så er det mye igjen, og så er det allerede gått lang tid. Det ser svart ut. Så svart, at det kveler gleden over det Han har gjort.</p>
<p>Det som mangler, det som er hovedsaken, det er gleden i håpet. Og håp har ikke noe med det å gjøre som man har gjort, og som vi har fått, det som er skjedd, det har bare med det å gjøre som ennå ikke er skjedd. Når så håpet blir levende, og jeg blir full av glede i håpet, så er altså alt dette tunge, og alt dette triste rett og slett forduftet. Så har jeg også – er jeg full av glede i håpet om at det skal bli i orden alt det som ennå ikke er i orden. Og så er jeg full av glede over det som allerede er i orden. Og så er det glede for alt i hop! Altså gleden i håpet utløser gleden over det som er skjedd. Så blir det dobbelt glede. Det blir glede for alt i håp.</p>
<p>Og gleden i Gud er en svimlende kraft. Nettopp ved gleden i håpet så går det full fart forover. Det er noe annet enn å se håpløst ut. Og dette er så fremmed, det er så ukjent, det er så nytt at det er meget vanskelig i en fart å komme inn i gleden i håpet. Det tar sin tid. Det er bare om å gjøre å få forståelsen av at det er liv om å gjøre å bli full av glede i håpet.</p>
<p>Og så må man altså da by til alt man kan, så må man altså søke det, arbeide med det, arbeide på vår sjels frelse.</p>
<p>Alt står og faller med gleden i håpet. Det utløser alt godt – og det fordriver alt vondt og mørkt og svart og grått. Håpet er noe av det vidunderligste som eksisterer på jordkloden. I himmelen trenger vi ikke noe håp. For der er alt i orden. Men her i utlendigheten er det håpet som utgjør alt sammen.</p>
		</div>
					</div>

	

	<div id="col-1606500999" class="col copyright small-12 large-12"  >
				<div class="col-inner text-left"  >
			
			
<div>© Copyright Stiftelsen Skjulte Skatters Forlag</div>
		</div>
					</div>

	

	<div id="col-35685487" class="col small-12 large-12"  >
				<div class="col-inner text-left"  >
			
			
<div><a href="#" class="read-more">Les mer</a></div>
		</div>
					</div>

	

	<div id="col-256666140" class="col small-12 large-12"  >
				<div class="col-inner text-left"  >
			
			
<p class="next-previous-message"><a class="previous" href="../deg-skje-som-du-tror/"><i class="icon-angle-left"></i> Previous</a><a class="next" href="../a-tro-likesom-abraham/">Next <i class="icon-angle-right"></i></a></p>
		</div>
					</div>

	
</div>
		</div>

		
<style>
#section_742714575 {
  padding-top: 0px;
  padding-bottom: 0px;
  margin-bottom: 0px;
}
@media (min-width:550px) {
  #section_742714575 {
    padding-top: 0px;
    padding-bottom: 0px;
  }
}
</style>
	</section>
	

	<section class="section food-for-thought" id="section_883604693">
		<div class="section-bg fill" >
									
			

		</div>

		

		<div class="section-content relative">
			
<div class="row align-center"  id="row-1990084049">

	<div id="col-2037920514" class="col title small-12 large-12"  >
				<div class="col-inner text-left dark"  >
			
			
<h2>Devotional</h2>
		</div>
					</div>

	

	<div id="col-1644636122" class="col small-12 large-12"  >
				<div class="col-inner dark"  >
			
			
<p>I talen «Vær glade i håpet» sier Aslaksen at håpet utgjør alt sammen. Hva tror DU han mener med dette?</p>
<p class='info'>You have to <a href='/login/'>log in</a> if you want to save your answer.</p>
		</div>
					</div>

	
</div>
		</div>

		
<style>
#section_883604693 {
  padding-top: 30px;
  padding-bottom: 30px;
  background-color: rgb(73, 92, 94);
}
</style>
	</section>
	
	<div id="gap-1108305692" class="gap-element clearfix" style="display:block; height:auto;">
		
<style>
#gap-1108305692 {
  padding-top: 20px;
}
</style>
	</div>
	
<p style="text-align: center;"><a href="../"><u>Tilbake til Tema 1</u></a></p>
