{"id":12651,"date":"2020-05-29T20:00:02","date_gmt":"2020-05-29T18:00:02","guid":{"rendered":"https:\/\/aslaksen.bcc.no\/?page_id=12651"},"modified":"2020-08-21T12:25:52","modified_gmt":"2020-08-21T10:25:52","slug":"nao-julgueis","status":"publish","type":"page","link":"https:\/\/words-of-faith.org\/pt-pt\/bible-study\/tema-3\/nao-julgueis\/","title":{"rendered":"N\u00e3o julgueis!"},"content":{"rendered":"\n\t<section class=\"section\" id=\"section_326540145\">\n\t\t<div class=\"section-bg fill\" >\n\t\t\t\t\t\t\t\t\t\n\t\t\t\n\n\t\t<\/div>\n\n\t\t\n\n\t\t<div class=\"section-content relative\">\n\t\t\t\n<div class=\"row align-center\"  id=\"row-2114999251\">\n\n\t<div id=\"col-34481250\" class=\"col small-12 large-12\"  >\n\t\t\t\t<div class=\"col-inner\"  >\n\t\t\t\n\t\t\t\n<p class=\"breadcrumbs\"><a href=\"..\/\">Theme 3<\/a> \/ Messages<\/p>\n<h1>N\u00e3o julgueis!<\/h1>\n<p class=\"article-date\">Fragmento da fala de janeiro 1972<\/p>\n<p class=\"article-author\">de Elias Aslaksen<\/p>\n\t\t<\/div>\n\t\t\t\t\t<\/div>\n\n\t\n\n<style>\n#row-2114999251 > .col > .col-inner {\n  padding: 30px 0px 0px 0px;\n}\n<\/style>\n<\/div>\n<div class=\"row align-center audio\"  id=\"row-1226244051\">\n\n\t<div id=\"col-29362004\" class=\"col small-12 large-12\"  >\n\t\t\t\t<div class=\"col-inner\"  >\n\t\t\t\n\t\t\t\n<!--[if lt IE 9]><script>document.createElement('audio');<\/script><![endif]-->\n<audio class=\"wp-audio-shortcode\" id=\"audio-12651-1\" preload=\"none\" style=\"width: 100%;\" controls=\"controls\"><source type=\"audio\/mpeg\" src=\"\/audio\/Tema%203\/POR\/13%20T%20-%20Nao%20Julgueis%20-%20POR.mp3?_=1\" \/><a href=\"\/audio\/Tema%203\/POR\/13%20T%20-%20Nao%20Julgueis%20-%20POR.mp3\">\/audio\/Tema%203\/POR\/13%20T%20-%20Nao%20Julgueis%20-%20POR.mp3<\/a><\/audio>\n<p class=\"click-to-listen\">Click to listen to the speech.<\/p>\n\t\t<\/div>\n\t\t\t\t\t<\/div>\n\n\t\n<\/div>\n<div class=\"row align-center article article-excerpt\"  id=\"row-862840636\">\n\n\t<div id=\"col-2016777560\" class=\"col small-12 large-12\"  >\n\t\t\t\t<div class=\"col-inner text-left\"  >\n\t\t\t\n\t\t\t\n<p>Antes da queda, est\u00e1 escrito, um homem se exalta. Ele se coloca como juiz sobre todos, sobre qualquer um e qualquer coisa. Tem algo que se chama temor a Deus.<\/p>\n<p>Temor a Deus, temor por desagradar a Deus. Medo de entrar em conflito com ele. Sim<\/p>\n<p>O que deveria se temer mais do que isso? O pior de tudo, \u00e9 que n\u00e3o h\u00e1 temor de maneira geral. H\u00e1 pouqu\u00edssimo temor a Deus queridos amigos. Mas est\u00e1 muito bom entre n\u00f3s. Isso vem disso, que h\u00e1 tanto temor a Deus, como sabemos. Mas s\u00e3o muitos irm\u00e3os e irm\u00e3s que em um alto grau est\u00e3o desprovidos do temor. A Palavra j\u00e1 diz o que isso significa. \u00c9 temer, isso \u00e9 ter medo de estar contra Deus, de chegar ao limite com Deus. Por n\u00e3o obedecer suas palavras, n\u00e3o amar suas palavras. Para n\u00e3o desagrad\u00e1-lo de maneira alguma. E a pior maneira, incrivelmente terr\u00edvel, \u00e9 ter grandes pensamentos sobre si mesmo. Isso se chama altivez. Chama-se orgulho. Chama-se de incha\u00e7o, autoconfian\u00e7a, algo que voc\u00ea imagina. Que n\u00e3o \u00e9 verdade. \u00c9 o oposto da verdade. Paulo escreve que \u2018\u2019pela gra\u00e7a de Deus sou o que sou\u2019\u2019. Sim, \u00e9 exatamente o mesmo que \u2019\u2019por falta da gra\u00e7a de Deus, eu n\u00e3o sou nada al\u00e9m do que sou, infelizmente\u2019\u2019. Infelizmente n\u00e3o sou nada mais do que me tornei, por falta da gra\u00e7a de Deus. Deus d\u00e1 gra\u00e7a aos humildes. Por falta de humildade, temos todos que agarrar isso. De maneira nenhuma algu\u00e9m de n\u00f3s est\u00e1 t\u00e3o bem que n\u00e3o poderia estar melhor.&nbsp; Portanto h\u00e1 pelo menos uma pequena falta de humildade, no melhor dos casos. J\u00e1 na maioria dos casos h\u00e1 uma grande falta de humildade. O mais comum \u00e9 criticar e julgar. E s\u00e3o muitos dentre os irm\u00e3os que fazem isso. Alguns tem isso dessa maneira \u2013 eles s\u00e3o t\u00e3o humildes que n\u00e3o pretendem estar julgando os mais velhos, mas podemos quase que dizer, fazem o que quiserem com os outros. Acham que podem julgar. Mas o que est\u00e1 escrito? N\u00e3o est\u00e1 escrito assim: N\u00e3o julgue muito. N\u00e3o est\u00e1 escrito: N\u00e3o seja r\u00e1pido para julgar. Est\u00e1 escrito: N\u00e3o julgueis. N-\u00c3-O. N\u00e3o.<\/p>\n\t\t<\/div>\n\t\t\t\t\t<\/div>\n\n\t\n\n\t<div id=\"col-189333072\" class=\"col copyright small-12 large-12\"  >\n\t\t\t\t<div class=\"col-inner text-left\"  >\n\t\t\t\n\t\t\t\n<div>\u00a9 Copyright Stiftelsen Skjulte Skatters Forlag<\/div>\n\t\t<\/div>\n\t\t\t\t\t<\/div>\n\n\t\n\n\t<div id=\"col-713324246\" class=\"col small-12 large-12\"  >\n\t\t\t\t<div class=\"col-inner text-left\"  >\n\t\t\t\n\t\t\t\n<div><a href=\"#\" class=\"read-more\">Leia mais<\/a><\/div>\n\t\t<\/div>\n\t\t\t\t\t<\/div>\n\n\t\n\n\t<div id=\"col-1533679027\" class=\"col small-12 large-12\"  >\n\t\t\t\t<div class=\"col-inner text-left\"  >\n\t\t\t\n\t\t\t\n<p class=\"next-previous-message\"><a class=\"previous\" href=\"\/pt-pt\/bible-studies\/theme-3\/you-are-loved-and-should-love-in-return\/\"><i class=\"icon-angle-left\"><\/i> Previous<\/a><a class=\"next\" href=\"\/pt-pt\/bible-studies\/theme-3\/the-fear-of-god\/\">Next <i class=\"icon-angle-right\"><\/i><\/a><\/p>\n\t\t<\/div>\n\t\t\t\t\t<\/div>\n\n\t\n<\/div>\n\t\t<\/div>\n\n\t\t\n<style>\n#section_326540145 {\n  padding-top: 0px;\n  padding-bottom: 0px;\n  margin-bottom: 0px;\n}\n@media (min-width:550px) {\n  #section_326540145 {\n    padding-top: 0px;\n    padding-bottom: 0px;\n  }\n}\n<\/style>\n\t<\/section>\n\t\n\n\t<section class=\"section food-for-thought\" id=\"section_794291752\">\n\t\t<div class=\"section-bg fill\" >\n\t\t\t\t\t\t\t\t\t\n\t\t\t\n\n\t\t<\/div>\n\n\t\t\n\n\t\t<div class=\"section-content relative\">\n\t\t\t\n<div class=\"row align-center\"  id=\"row-1386493495\">\n\n\t<div id=\"col-380908334\" class=\"col title small-12 large-12\"  >\n\t\t\t\t<div class=\"col-inner text-left dark\"  >\n\t\t\t\n\t\t\t\n<h2>Devotional<\/h2>\n\t\t<\/div>\n\t\t\t\t\t<\/div>\n\n\t\n\n\t<div id=\"col-1758374033\" class=\"col small-12 large-12\"  >\n\t\t\t\t<div class=\"col-inner dark\"  >\n\t\t\t\n\t\t\t\n<p>Na fala &#8220;N\u00e3o julgueis!&#8221;, Aslaksen diz que a soberba \u00e9 o pior quando entramos em conflito com Deus. Quais destes pensamentos voc\u00ea teria considerado como soberba? De prefer\u00eancia debata em grupo.<\/p>\n<ul class=\"question-answers\">\n<li>&#8220;Eu sou h\u00e1bil em &#8230;&#8221;<\/li>\n<li>&#8220;Eu tenho caido t\u00e3o frequentemente que jogue fora minhas chances.&#8221;<\/li>\n<li>&#8220;Felizmente n\u00e3o tenho problemas com as mesmas coisas que ela\/ele faz &#8230;&#8221;<\/li>\n<li>&#8220;Aquilo que ela\/ela disse foi incorreto&#8221;<\/li>\n<\/ul>\n<p class='info'>You have to <a href='\/login\/'>log in<\/a> if you want to save your answer.<\/p>\n\t\t<\/div>\n\t\t\t\t\t<\/div>\n\n\t\n<\/div>\n\t\t<\/div>\n\n\t\t\n<style>\n#section_794291752 {\n  padding-top: 30px;\n  padding-bottom: 30px;\n  background-color: rgb(73, 92, 94);\n}\n<\/style>\n\t<\/section>\n\t\n","protected":false},"excerpt":{"rendered":"","protected":false},"author":5,"featured_media":0,"parent":12617,"menu_order":0,"comment_status":"closed","ping_status":"closed","template":"page-blank.php","meta":{"footnotes":""},"class_list":["post-12651","page","type-page","status-publish","hentry"],"aioseo_notices":[],"_links":{"self":[{"href":"https:\/\/words-of-faith.org\/pt-pt\/wp-json\/wp\/v2\/pages\/12651","targetHints":{"allow":["GET"]}}],"collection":[{"href":"https:\/\/words-of-faith.org\/pt-pt\/wp-json\/wp\/v2\/pages"}],"about":[{"href":"https:\/\/words-of-faith.org\/pt-pt\/wp-json\/wp\/v2\/types\/page"}],"author":[{"embeddable":true,"href":"https:\/\/words-of-faith.org\/pt-pt\/wp-json\/wp\/v2\/users\/5"}],"replies":[{"embeddable":true,"href":"https:\/\/words-of-faith.org\/pt-pt\/wp-json\/wp\/v2\/comments?post=12651"}],"version-history":[{"count":0,"href":"https:\/\/words-of-faith.org\/pt-pt\/wp-json\/wp\/v2\/pages\/12651\/revisions"}],"up":[{"embeddable":true,"href":"https:\/\/words-of-faith.org\/pt-pt\/wp-json\/wp\/v2\/pages\/12617"}],"wp:attachment":[{"href":"https:\/\/words-of-faith.org\/pt-pt\/wp-json\/wp\/v2\/media?parent=12651"}],"curies":[{"name":"wp","href":"https:\/\/api.w.org\/{rel}","templated":true}]}}

Não julgueis!

<section class="section" id="section_326540145">
		<div class="section-bg fill" >
									
			

		</div>

		

		<div class="section-content relative">
			
<div class="row align-center"  id="row-2114999251">

	<div id="col-34481250" class="col small-12 large-12"  >
				<div class="col-inner"  >
			
			
<p class="breadcrumbs"><a href="../">Theme 3</a> / Messages</p>
<h1>Não julgueis!</h1>
<p class="article-date">Fragmento da fala de janeiro 1972</p>
<p class="article-author">de Elias Aslaksen</p>
		</div>
					</div>

	

<style>
#row-2114999251 > .col > .col-inner {
  padding: 30px 0px 0px 0px;
}
</style>
</div>
<div class="row align-center audio"  id="row-1226244051">

	<div id="col-29362004" class="col small-12 large-12"  >
				<div class="col-inner"  >
			
			
<!--[if lt IE 9]><script>document.createElement('audio');</script><![endif]-->
<audio class="wp-audio-shortcode" id="audio-12651-1" preload="none" style="width: 100%;" controls="controls"><source type="audio/mpeg" src="/audio/Tema%203/POR/13%20T%20-%20Nao%20Julgueis%20-%20POR.mp3?_=1" /><a href="/audio/Tema%203/POR/13%20T%20-%20Nao%20Julgueis%20-%20POR.mp3">/audio/Tema%203/POR/13%20T%20-%20Nao%20Julgueis%20-%20POR.mp3</a></audio>
<p class="click-to-listen">Click to listen to the speech.</p>
		</div>
					</div>

	
</div>
<div class="row align-center article article-excerpt"  id="row-862840636">

	<div id="col-2016777560" class="col small-12 large-12"  >
				<div class="col-inner text-left"  >
			
			
<p>Antes da queda, está escrito, um homem se exalta. Ele se coloca como juiz sobre todos, sobre qualquer um e qualquer coisa. Tem algo que se chama temor a Deus.</p>
<p>Temor a Deus, temor por desagradar a Deus. Medo de entrar em conflito com ele. Sim</p>
<p>O que deveria se temer mais do que isso? O pior de tudo, é que não há temor de maneira geral. Há pouquíssimo temor a Deus queridos amigos. Mas está muito bom entre nós. Isso vem disso, que há tanto temor a Deus, como sabemos. Mas são muitos irmãos e irmãs que em um alto grau estão desprovidos do temor. A Palavra já diz o que isso significa. É temer, isso é ter medo de estar contra Deus, de chegar ao limite com Deus. Por não obedecer suas palavras, não amar suas palavras. Para não desagradá-lo de maneira alguma. E a pior maneira, incrivelmente terrível, é ter grandes pensamentos sobre si mesmo. Isso se chama altivez. Chama-se orgulho. Chama-se de inchaço, autoconfiança, algo que você imagina. Que não é verdade. É o oposto da verdade. Paulo escreve que ‘’pela graça de Deus sou o que sou’’. Sim, é exatamente o mesmo que ’’por falta da graça de Deus, eu não sou nada além do que sou, infelizmente’’. Infelizmente não sou nada mais do que me tornei, por falta da graça de Deus. Deus dá graça aos humildes. Por falta de humildade, temos todos que agarrar isso. De maneira nenhuma alguém de nós está tão bem que não poderia estar melhor.&nbsp; Portanto há pelo menos uma pequena falta de humildade, no melhor dos casos. Já na maioria dos casos há uma grande falta de humildade. O mais comum é criticar e julgar. E são muitos dentre os irmãos que fazem isso. Alguns tem isso dessa maneira – eles são tão humildes que não pretendem estar julgando os mais velhos, mas podemos quase que dizer, fazem o que quiserem com os outros. Acham que podem julgar. Mas o que está escrito? Não está escrito assim: Não julgue muito. Não está escrito: Não seja rápido para julgar. Está escrito: Não julgueis. N-Ã-O. Não.</p>
		</div>
					</div>

	

	<div id="col-189333072" class="col copyright small-12 large-12"  >
				<div class="col-inner text-left"  >
			
			
<div>© Copyright Stiftelsen Skjulte Skatters Forlag</div>
		</div>
					</div>

	

	<div id="col-713324246" class="col small-12 large-12"  >
				<div class="col-inner text-left"  >
			
			
<div><a href="#" class="read-more">Leia mais</a></div>
		</div>
					</div>

	

	<div id="col-1533679027" class="col small-12 large-12"  >
				<div class="col-inner text-left"  >
			
			
<p class="next-previous-message"><a class="previous" href="/pt-pt/bible-studies/theme-3/you-are-loved-and-should-love-in-return/"><i class="icon-angle-left"></i> Previous</a><a class="next" href="/pt-pt/bible-studies/theme-3/the-fear-of-god/">Next <i class="icon-angle-right"></i></a></p>
		</div>
					</div>

	
</div>
		</div>

		
<style>
#section_326540145 {
  padding-top: 0px;
  padding-bottom: 0px;
  margin-bottom: 0px;
}
@media (min-width:550px) {
  #section_326540145 {
    padding-top: 0px;
    padding-bottom: 0px;
  }
}
</style>
	</section>
	

	<section class="section food-for-thought" id="section_794291752">
		<div class="section-bg fill" >
									
			

		</div>

		

		<div class="section-content relative">
			
<div class="row align-center"  id="row-1386493495">

	<div id="col-380908334" class="col title small-12 large-12"  >
				<div class="col-inner text-left dark"  >
			
			
<h2>Devotional</h2>
		</div>
					</div>

	

	<div id="col-1758374033" class="col small-12 large-12"  >
				<div class="col-inner dark"  >
			
			
<p>Na fala &#8220;Não julgueis!&#8221;, Aslaksen diz que a soberba é o pior quando entramos em conflito com Deus. Quais destes pensamentos você teria considerado como soberba? De preferência debata em grupo.</p>
<ul class="question-answers">
<li>&#8220;Eu sou hábil em &#8230;&#8221;</li>
<li>&#8220;Eu tenho caido tão frequentemente que jogue fora minhas chances.&#8221;</li>
<li>&#8220;Felizmente não tenho problemas com as mesmas coisas que ela/ele faz &#8230;&#8221;</li>
<li>&#8220;Aquilo que ela/ela disse foi incorreto&#8221;</li>
</ul>
<p class='info'>You have to <a href='/login/'>log in</a> if you want to save your answer.</p>
		</div>
					</div>

	
</div>
		</div>

		
<style>
#section_794291752 {
  padding-top: 30px;
  padding-bottom: 30px;
  background-color: rgb(73, 92, 94);
}
</style>
	</section>
